[INFO] cloning repository https://github.com/linkstar0513/utk
[INFO] running `Command { std: "git" "-c" "credential.helper=" "-c" "credential.helper=/workspace/cargo-home/bin/git-credential-null" "clone" "--bare" "https://github.com/linkstar0513/utk" "/workspace/cache/git-repos/https%3A%2F%2Fgithub.com%2Flinkstar0513%2Futk", kill_on_drop: false }`
[INFO] [stderr] Cloning into bare repository '/workspace/cache/git-repos/https%3A%2F%2Fgithub.com%2Flinkstar0513%2Futk'...
[INFO] running `Command { std: "git" "rev-parse" "HEAD", kill_on_drop: false }`
[INFO] [stdout] 4cfb747f1675409789a04f2fbb1f24d96f03d001
[INFO] checking linkstar0513/utk against try#72f88fc4e9458f89516a0b8b0868f3718aec5b47 for pr-74989
[INFO] running `Command { std: "git" "clone" "/workspace/cache/git-repos/https%3A%2F%2Fgithub.com%2Flinkstar0513%2Futk" "/workspace/builds/worker-7/source", kill_on_drop: false }`
[INFO] [stderr] Cloning into '/workspace/builds/worker-7/source'...
[INFO] [stderr] done.
[INFO] validating manifest of git repo https://github.com/linkstar0513/utk on toolchain 72f88fc4e9458f89516a0b8b0868f3718aec5b47
[INFO] running `Command { std: "/workspace/cargo-home/bin/cargo" "+72f88fc4e9458f89516a0b8b0868f3718aec5b47" "read-manifest" "--manifest-path" "Cargo.toml", kill_on_drop: false }`
[INFO] started tweaking git repo https://github.com/linkstar0513/utk
[INFO] finished tweaking git repo https://github.com/linkstar0513/utk
[INFO] tweaked toml for git repo https://github.com/linkstar0513/utk written to /workspace/builds/worker-7/source/Cargo.toml
[INFO] running `Command { std: "/workspace/cargo-home/bin/cargo" "+72f88fc4e9458f89516a0b8b0868f3718aec5b47" "generate-lockfile" "--manifest-path" "Cargo.toml" "-Zno-index-update", kill_on_drop: false }`
[INFO] [stderr]     Updating git repository `https://github.com/rust-windowing/winit-blit`
[INFO] running `Command { std: "/workspace/cargo-home/bin/cargo" "+72f88fc4e9458f89516a0b8b0868f3718aec5b47" "fetch" "--locked" "--manifest-path" "Cargo.toml", kill_on_drop: false }`
[INFO] [stderr]  Downloading crates ...
[INFO] [stderr]   Downloaded actix-web-codegen v0.3.0
[INFO] [stderr]   Downloaded actix-tls v2.0.0
[INFO] [stderr]   Downloaded actix-connect v2.0.0
[INFO] [stderr]   Downloaded awc v2.0.0
[INFO] [stderr]   Downloaded wepoll-sys-stjepang v1.0.8
[INFO] [stderr]   Downloaded actix-web v3.0.1
[INFO] [stderr]   Downloaded actix-http v2.0.0
[INFO] running `Command { std: "docker" "create" "-v" "/var/lib/crater-agent-workspace/builds/worker-7/target:/opt/rustwide/target:rw,Z" "-v" "/var/lib/crater-agent-workspace/builds/worker-7/source:/opt/rustwide/workdir:ro,Z" "-v" "/var/lib/crater-agent-workspace/cargo-home:/opt/rustwide/cargo-home:ro,Z" "-v" "/var/lib/crater-agent-workspace/rustup-home:/opt/rustwide/rustup-home:ro,Z" "-e" "SOURCE_DIR=/opt/rustwide/workdir" "-e" "CARGO_TARGET_DIR=/opt/rustwide/target" "-e" "CARGO_HOME=/opt/rustwide/cargo-home" "-e" "RUSTUP_HOME=/opt/rustwide/rustup-home" "-w" "/opt/rustwide/workdir" "-m" "1610612736" "--user" "0:0" "--network" "none" "rustops/crates-build-env@sha256:d92eaeed33fa75130ca1ee6c8a01d1ffb62bac859dfdfb3450e3e5d1c0146529" "/opt/rustwide/cargo-home/bin/cargo" "+72f88fc4e9458f89516a0b8b0868f3718aec5b47" "metadata" "--no-deps" "--format-version=1", kill_on_drop: false }`
[INFO] [stdout] 14c6b171e447bcb0576b18bea357ba6513779fa7979ace8587aaba1a2b967cab
[INFO] [stderr] WARNING: Your kernel does not support swap limit capabilities or the cgroup is not mounted. Memory limited without swap.
[INFO] running `Command { std: "docker" "start" "-a" "14c6b171e447bcb0576b18bea357ba6513779fa7979ace8587aaba1a2b967cab", kill_on_drop: false }`
[INFO] running `Command { std: "docker" "inspect" "14c6b171e447bcb0576b18bea357ba6513779fa7979ace8587aaba1a2b967cab", kill_on_drop: false }`
[INFO] running `Command { std: "docker" "rm" "-f" "14c6b171e447bcb0576b18bea357ba6513779fa7979ace8587aaba1a2b967cab", kill_on_drop: false }`
[INFO] [stdout] 14c6b171e447bcb0576b18bea357ba6513779fa7979ace8587aaba1a2b967cab
[INFO] running `Command { std: "docker" "create" "-v" "/var/lib/crater-agent-workspace/builds/worker-7/target:/opt/rustwide/target:rw,Z" "-v" "/var/lib/crater-agent-workspace/builds/worker-7/source:/opt/rustwide/workdir:ro,Z" "-v" "/var/lib/crater-agent-workspace/cargo-home:/opt/rustwide/cargo-home:ro,Z" "-v" "/var/lib/crater-agent-workspace/rustup-home:/opt/rustwide/rustup-home:ro,Z" "-e" "SOURCE_DIR=/opt/rustwide/workdir" "-e" "CARGO_TARGET_DIR=/opt/rustwide/target" "-e" "CARGO_INCREMENTAL=0" "-e" "RUST_BACKTRACE=full" "-e" "RUSTFLAGS=--cap-lints=forbid" "-e" "CARGO_HOME=/opt/rustwide/cargo-home" "-e" "RUSTUP_HOME=/opt/rustwide/rustup-home" "-w" "/opt/rustwide/workdir" "-m" "1610612736" "--user" "0:0" "--network" "none" "rustops/crates-build-env@sha256:d92eaeed33fa75130ca1ee6c8a01d1ffb62bac859dfdfb3450e3e5d1c0146529" "/opt/rustwide/cargo-home/bin/cargo" "+72f88fc4e9458f89516a0b8b0868f3718aec5b47" "check" "--frozen" "--all" "--all-targets" "--message-format=json", kill_on_drop: false }`
[INFO] [stdout] 1e103f45bbae985e0c0f00e43f0209d2027d45cceea4559ed75e08d678b236e7
[INFO] [stderr] WARNING: Your kernel does not support swap limit capabilities or the cgroup is not mounted. Memory limited without swap.
[INFO] running `Command { std: "docker" "start" "-a" "1e103f45bbae985e0c0f00e43f0209d2027d45cceea4559ed75e08d678b236e7", kill_on_drop: false }`
[INFO] [stderr]     Checking cfg-if v0.1.10
[INFO] [stderr]    Compiling unicode-xid v0.2.1
[INFO] [stderr]    Compiling syn v1.0.41
[INFO] [stderr]     Checking lazy_static v1.4.0
[INFO] [stderr]    Compiling log v0.4.11
[INFO] [stderr]    Compiling proc-macro-hack v0.5.18
[INFO] [stderr]     Checking futures-io v0.3.5
[INFO] [stderr]     Checking scopeguard v1.1.0
[INFO] [stderr]    Compiling pin-project-internal v0.4.23
[INFO] [stderr]     Checking bytes v0.5.6
[INFO] [stderr]    Compiling proc-macro-nested v0.1.6
[INFO] [stderr]     Checking smallvec v1.4.2
[INFO] [stderr]     Checking instant v0.1.6
[INFO] [stderr]    Compiling maybe-uninit v2.0.0
[INFO] [stderr]     Checking itoa v0.4.6
[INFO] [stderr]    Compiling xml-rs v0.8.3
[INFO] [stderr]     Checking copyless v0.1.5
[INFO] [stderr]    Compiling nix v0.14.1
[INFO] [stderr]    Compiling serde v1.0.116
[INFO] [stderr]     Checking match_cfg v0.1.0
[INFO] [stderr]     Checking object v0.20.0
[INFO] [stderr]     Checking fastrand v1.3.5
[INFO] [stderr]     Checking hashbrown v0.9.0
[INFO] [stderr]    Compiling encoding_rs v0.8.24
[INFO] [stderr]     Checking waker-fn v1.1.0
[INFO] [stderr]    Compiling serde_json v1.0.57
[INFO] [stderr]     Checking dtoa v0.4.6
[INFO] [stderr]     Checking same-file v1.0.6
[INFO] [stderr]     Checking event-listener v2.4.0
[INFO] [stderr]    Compiling pkg-config v0.3.18
[INFO] [stderr]     Checking downcast-rs v1.2.0
[INFO] [stderr]     Checking base64 v0.12.3
[INFO] [stderr]     Checking vec-arena v0.5.2
[INFO] [stderr]    Compiling winapi v0.3.9
[INFO] [stderr]     Checking try-lock v0.2.3
[INFO] [stderr]    Compiling num-traits v0.2.12
[INFO] [stderr]    Compiling miniz_oxide v0.4.2
[INFO] [stderr]    Compiling indexmap v1.6.0
[INFO] [stderr]    Compiling num-integer v0.1.43
[INFO] [stderr]    Compiling num-rational v0.3.0
[INFO] [stderr]     Checking futures-task v0.3.5
[INFO] [stderr]    Compiling standback v0.2.10
[INFO] [stderr]    Compiling generic-array v0.14.4
[INFO] [stderr]    Compiling time v0.2.19
[INFO] [stderr]    Compiling cookie v0.14.2
[INFO] [stderr]     Checking lock_api v0.4.1
[INFO] [stderr]     Checking lock_api v0.3.4
[INFO] [stderr]     Checking addr2line v0.13.0
[INFO] [stderr]     Checking tracing-core v0.1.16
[INFO] [stderr]     Checking thread_local v1.0.1
[INFO] [stderr]    Compiling brotli-sys v0.3.2
[INFO] [stderr]     Checking lru-cache v0.1.2
[INFO] [stderr]     Checking async-mutex v1.3.0
[INFO] [stderr]     Checking walkdir v2.3.1
[INFO] [stderr]    Compiling proc-macro2 v1.0.21
[INFO] [stderr]     Checking http v0.2.1
[INFO] [stderr]     Checking bytestring v0.1.5
[INFO] [stderr]     Checking idna v0.2.0
[INFO] [stderr]     Checking libloading v0.6.3
[INFO] [stderr]     Checking crc32fast v1.2.0
[INFO] [stderr]     Checking multitask v0.2.0
[INFO] [stderr]     Checking async-channel v1.4.2
[INFO] [stderr]    Compiling rayon v1.4.0
[INFO] [stderr]     Checking iovec v0.1.4
[INFO] [stderr]     Checking net2 v0.2.35
[INFO] [stderr]     Checking signal-hook-registry v1.2.1
[INFO] [stderr]     Checking parking_lot_core v0.8.0
[INFO] [stderr]     Checking getrandom v0.1.15
[INFO] [stderr]     Checking socket2 v0.3.15
[INFO] [stderr]     Checking hostname v0.3.1
[INFO] [stderr]     Checking memmap v0.7.0
[INFO] [stderr]     Checking parking_lot_core v0.7.2
[INFO] [stderr]     Checking raw-window-handle v0.3.3
[INFO] [stderr]     Checking time v0.1.44
[INFO] [stderr]     Checking futures-lite v0.1.11
[INFO] [stderr]     Checking crossbeam-utils v0.7.2
[INFO] [stderr]     Checking stb_truetype v0.3.1
[INFO] [stderr]     Checking deflate v0.8.6
[INFO] [stderr]     Checking tiff v0.5.0
[INFO] [stderr]     Checking dlib v0.4.2
[INFO] [stderr]     Checking threadpool v1.8.1
[INFO] [stderr]    Compiling x11-dl v2.18.5
[INFO] [stderr]     Checking tracing v0.1.19
[INFO] [stderr]     Checking polling v0.1.9
[INFO] [stderr]     Checking kv-log-macro v1.0.7
[INFO] [stderr]     Checking want v0.3.0
[INFO] [stderr]     Checking resolv-conf v0.6.3
[INFO] [stderr]     Checking regex v1.3.9
[INFO] [stderr]     Checking mio v0.6.22
[INFO] [stderr]     Checking rand_core v0.5.1
[INFO] [stderr]    Compiling wayland-scanner v0.23.6
[INFO] [stderr]     Checking url v2.1.1
[INFO] [stderr]     Checking parking_lot v0.11.0
[INFO] [stderr]    Compiling quote v1.0.7
[INFO] [stderr]     Checking parking_lot v0.10.2
[INFO] [stderr]     Checking wayland-sys v0.23.6
[INFO] [stderr]     Checking crossbeam-epoch v0.8.2
[INFO] [stderr]     Checking crossbeam-channel v0.4.4
[INFO] [stderr]     Checking png v0.16.7
[INFO] [stderr]     Checking blocking v0.5.2
[INFO] [stderr]     Checking flate2 v1.0.17
[INFO] [stderr]     Checking async-io v0.1.11
[INFO] [stderr]     Checking block-buffer v0.9.0
[INFO] [stderr]     Checking digest v0.9.0
[INFO] [stderr]     Checking ordered-float v1.1.0
[INFO] [stderr]     Checking approx v0.3.2
[INFO] [stderr]     Checking line_drawing v0.7.0
[INFO] [stderr]     Checking num-complex v0.3.0
[INFO] [stderr]     Checking rand_chacha v0.2.2
[INFO] [stderr]     Checking winit-blit v0.0.0 (https://github.com/rust-windowing/winit-blit#17a03190)
[INFO] [stderr]     Checking crossbeam-deque v0.7.3
[INFO] [stdout] error[E0432]: unresolved import `self::platform_impl`
[INFO] [stdout]  --> /opt/rustwide/cargo-home/git/checkouts/winit-blit-cccaeb5f8d283639/17a0319/src/platform_impl/mod.rs:1:15
[INFO] [stdout]   |
[INFO] [stdout] 1 | pub use self::platform_impl::*;
[INFO] [stdout]   |               ^^^^^^^^^^^^^ could not find `platform_impl` in `self`
[INFO] [stdout] 
[INFO] [stdout] 
[INFO] [stdout] error[E0433]: failed to resolve: could not find `PixelBuffer` in `platform_impl`
[INFO] [stdout]   --> /opt/rustwide/cargo-home/git/checkouts/winit-blit-cccaeb5f8d283639/17a0319/src/lib.rs:49:28
[INFO] [stdout]    |
[INFO] [stdout] 49 |             platform_impl::PixelBuffer::new(width, height, format, window.raw_window_handle())
[INFO] [stdout]    |                            ^^^^^^^^^^^ could not find `PixelBuffer` in `platform_impl`
[INFO] [stdout] 
[INFO] [stdout] 
[INFO] [stderr]     Checking async-executor v0.1.2
[INFO] [stderr]     Checking sha-1 v0.9.1
[INFO] [stdout] error[E0412]: cannot find type `PixelBuffer` in module `platform_impl`
[INFO] [stdout]   --> /opt/rustwide/cargo-home/git/checkouts/winit-blit-cccaeb5f8d283639/17a0319/src/lib.rs:22:23
[INFO] [stdout]    |
[INFO] [stdout] 22 |     p: platform_impl::PixelBuffer,
[INFO] [stdout]    |                       ^^^^^^^^^^^ not found in `platform_impl`
[INFO] [stdout] 
[INFO] [stdout] 
[INFO] [stdout] error[E0412]: cannot find type `NativeFormat` in module `platform_impl`
[INFO] [stdout]    --> /opt/rustwide/cargo-home/git/checkouts/winit-blit-cccaeb5f8d283639/17a0319/src/lib.rs:485:40
[INFO] [stdout]     |
[INFO] [stdout] 485 | pub type NativeFormat = platform_impl::NativeFormat;
[INFO] [stdout]     |                                        ^^^^^^^^^^^^ not found in `platform_impl`
[INFO] [stdout] 
[INFO] [stdout] 
[INFO] [stderr]     Checking rusttype v0.8.3
[INFO] [stderr]     Checking mio-uds v0.6.8
[INFO] [stderr]     Checking mio-extras v2.0.6
[INFO] [stderr]     Checking rand v0.7.3
[INFO] [stderr]     Checking num-iter v0.1.41
[INFO] [stdout] error: aborting due to 4 previous errors
[INFO] [stdout] 
[INFO] [stdout] 
[INFO] [stdout] Some errors have detailed explanations: E0412, E0432, E0433.
[INFO] [stdout] 
[INFO] [stdout] For more information about an error, try `rustc --explain E0412`.
[INFO] [stdout] 
[INFO] [stderr] error: could not compile `winit-blit`.
[INFO] [stderr] 
[INFO] [stderr] To learn more, run the command again with --verbose.
[INFO] [stderr] warning: build failed, waiting for other jobs to finish...
[INFO] [stderr] error: build failed
[INFO] running `Command { std: "docker" "inspect" "1e103f45bbae985e0c0f00e43f0209d2027d45cceea4559ed75e08d678b236e7", kill_on_drop: false }`
[INFO] running `Command { std: "docker" "rm" "-f" "1e103f45bbae985e0c0f00e43f0209d2027d45cceea4559ed75e08d678b236e7", kill_on_drop: false }`
[INFO] [stdout] 1e103f45bbae985e0c0f00e43f0209d2027d45cceea4559ed75e08d678b236e7
